{"id":447,"date":"2017-05-24T19:15:27","date_gmt":"2017-05-24T19:15:27","guid":{"rendered":"http:\/\/www.bratov-smuk.si\/?page_id=447"},"modified":"2017-05-24T19:15:27","modified_gmt":"2017-05-24T19:15:27","slug":"tim-pregrad-mlad-borec-iz-planine","status":"publish","type":"page","link":"https:\/\/www.bratov-smuk.si\/?page_id=447","title":{"rendered":"Tim Pregrad: Mlad borec iz Planine"},"content":{"rendered":"<div class=\"entry-content\" itemprop=\"text\">\n<div class=\"page\" title=\"Page 5\">\n<div class=\"section\">\n<div class=\"layoutArea\">\n<div class=\"column\">\n<p><span style=\"color: #333399;\"><strong>Tokrat vam predstavljamo Tima Pregrada iz ulice Lojzeta Hrovata. Mladega umetnika in borca, ki je ponosen, da je otrok Planine, vedno poln energi- je in z \u017eivo vizijo razvoja na\u0161e soseske, ki jo tudi dejavno soustvarja.<\/strong><\/span><\/p>\n<figure id=\"attachment_455\" aria-describedby=\"caption-attachment-455\" style=\"width: 300px\" class=\"wp-caption alignnone\"><a href=\"http:\/\/www.bratov-smuk.si\/wp-content\/uploads\/2017\/05\/DSC9795.jpg\"><img loading=\"lazy\" class=\"size-medium wp-image-455\" src=\"http:\/\/www.bratov-smuk.si\/wp-content\/uploads\/2017\/05\/DSC9795-300x198.jpg\" alt=\"\" width=\"300\" height=\"198\" srcset=\"https:\/\/www.bratov-smuk.si\/wp-content\/uploads\/2017\/05\/DSC9795-300x198.jpg 300w, https:\/\/www.bratov-smuk.si\/wp-content\/uploads\/2017\/05\/DSC9795-768x506.jpg 768w, https:\/\/www.bratov-smuk.si\/wp-content\/uploads\/2017\/05\/DSC9795-1024x674.jpg 1024w, https:\/\/www.bratov-smuk.si\/wp-content\/uploads\/2017\/05\/DSC9795-640x421.jpg 640w, https:\/\/www.bratov-smuk.si\/wp-content\/uploads\/2017\/05\/DSC9795-48x32.jpg 48w, https:\/\/www.bratov-smuk.si\/wp-content\/uploads\/2017\/05\/DSC9795-120x80.jpg 120w\" sizes=\"(max-width: 300px) 100vw, 300px\" \/><\/a><figcaption id=\"caption-attachment-455\" class=\"wp-caption-text\">Photo by Fotomorgana Andra\u017e Muljavec (www.fotomorgana.si)<\/figcaption><\/figure>\n<\/div>\n<\/div>\n<div class=\"layoutArea\">\n<div class=\"column\">\n<p><strong>Ali bi za sebe rekel, da si otrok Planine?<br \/>\n<\/strong><em>Ja, definitivno, ker smo tu mogli gor odra\u0161\u010dat. V\u010dasih je bilo malo druga\u010de, nismo imeli ravno ra\u010dunalnikov, pametnih telefonov, zato smo se morali dru\u017eiti na ulicah. Ulica nas je povezovala \u017ee od osnovne \u0161ole naprej in bolj ali manj smo ves svoj prosti \u010das na ulici tudi pre\u017eiveli. Doma ni bilo prostora, ker so bili obi\u010dajno star\u0161i doma in smo se morali znajti zunaj s tem, kar smo imeli.<\/em><\/p>\n<p><strong>Kaj iz tvojega otro\u0161tva na Planini se ti je najbolj odtisnilo v spomin?<br \/>\n<\/strong><em>Ve\u010d ali manj so moji spomini na otro\u0161tvo na Planini povezani s \u0161portom, s tem smo se najbolje zamotili in na\u0161li primerno dru\u017ebo, od ko\u0161arke, do hokeja na gara\u017eah. To so bili zanimivi prostori, ki niso bili tako urejeni in smo se posledi\u010dno morali druga\u010de znajti. Ukvarjali smo se tudi z nogometom in plezanjem po drevesih ter skrivanjem<\/em><br \/>\n<em> v grmovjih. Potem je postalo aktualno skejtanje, rolanje. Tako so bili prvi ske- jtplaci na\u0161i podhodi. Na\u0161a dru\u017eba je res \u0161portno pre\u017eivela mladost.<\/em><\/p>\n<p><strong>Torej te poznajo po \u0161portu. Po \u010dem te \u0161e poznajo tvoji sosedje, prijatelji?<br \/>\n<\/strong><em>Res je, vedno sem v gibanju. Nekateri pa me poznajo tudi po mojih umetni\u0161kih delih, \u010deprav \u0161e nisem imel veliko razstav. Ukvarjam se z risanjem, zadnje \u010dase se ukvarjam s poslikavami sten. Najve\u010dkrat z otro\u0161kimi sobami ali s prostori \u0161portnih klubov in fitnesov. Ko smo bili mlaj\u0161i, smo tudi malo grafitirali. Spomnim se, da smo po koncu osnovne \u0161ole od\u0161li v Merkur kupiti spreje, kar je bilo za na\u0161 omejen prora\u010dun kar velik zalogaj, saj spreji niso ravno poceni. Za vlo\u017een denar, smo se morali izkazati s svojimi mojstrovinami. In tako so nastale prve poslikave v podhodih. Vedno smo po\u010deli tak\u0161ne ali druga\u010dne vragolije, nikoli nam ni bilo dolg\u010das.<\/em><\/p>\n<figure id=\"attachment_457\" aria-describedby=\"caption-attachment-457\" style=\"width: 240px\" class=\"wp-caption alignnone\"><a href=\"http:\/\/www.bratov-smuk.si\/wp-content\/uploads\/2017\/05\/Tim-2.jpg\"><img loading=\"lazy\" class=\"size-medium wp-image-457\" src=\"http:\/\/www.bratov-smuk.si\/wp-content\/uploads\/2017\/05\/Tim-2-240x300.jpg\" alt=\"\" width=\"240\" height=\"300\" srcset=\"https:\/\/www.bratov-smuk.si\/wp-content\/uploads\/2017\/05\/Tim-2-240x300.jpg 240w, https:\/\/www.bratov-smuk.si\/wp-content\/uploads\/2017\/05\/Tim-2-768x960.jpg 768w, https:\/\/www.bratov-smuk.si\/wp-content\/uploads\/2017\/05\/Tim-2-819x1024.jpg 819w, https:\/\/www.bratov-smuk.si\/wp-content\/uploads\/2017\/05\/Tim-2-640x800.jpg 640w, https:\/\/www.bratov-smuk.si\/wp-content\/uploads\/2017\/05\/Tim-2-300x375.jpg 300w, https:\/\/www.bratov-smuk.si\/wp-content\/uploads\/2017\/05\/Tim-2-38x48.jpg 38w\" sizes=\"(max-width: 240px) 100vw, 240px\" \/><\/a><figcaption id=\"caption-attachment-457\" class=\"wp-caption-text\">Photo by Fotomorgana Andra\u017e Muljavec (www.fotomorgana.si)<\/figcaption><\/figure>\n<\/div>\n<div class=\"column\">\n<p><strong>Si pobudnik akcije obnove odbojkarskega igri\u0161\u010da za balini\u0161\u010dem. Kaj te je spodbudilo k tej akciji?<\/strong><\/p>\n<p><em>\u017de ko sem bil majhen, sem treniral\u00a0odbojko. Sedem let nazaj so zgradili to igri\u0161\u010de, kar nas je zelo osre\u010dilo. V \u010dasu obiskovanja srednje \u0161ole me ni bilo veliko v Kranju in ker se mladi nismo \u010disto zavedali, da je potrebno vse redno vzdr\u017eevati, je vse skupaj za\u010delo propadati. Vsako leto smo rekli, da bomo uredili odbojkarsko igri\u0161\u010de, letos pa je bil za obnovo ta pravi trenutek. Na enem dru\u017eenju s prijatelji na Jesenicah sem izvedel, da je tudi Samo Nadi\u017ear igral odbojko in da imajo tudi drugi \u017eeljo, da se igri\u0161\u010de obnovi. To je bil tudi povod za akcijo obnove odbo- jkarskega igri\u0161\u010da. Pisal sem Tini Centi \u017dalec, predsednici KS Bratov Smuk in potem se je vse za\u010delo.<\/em><\/p>\n<div class=\"page\" title=\"Page 6\">\n<div class=\"section\">\n<div class=\"layoutArea\">\n<div class=\"column\">\n<p><strong>Pri akciji ti je pomagala cela ekipa prijateljev, sosedov. Kdo vse je bil v tej ekipi?<\/strong><em>Seveda, sam ne more\u0161 izvesti take akcije, potrebuje\u0161 vsaj 5 ali 10 prijateljev, prijateljic, da lahko zadevo izpelje\u0161. Pri delu so mi po- magali moj brat Nace, sosed David \u010ceba\u0161ek \u2013 Cheba, dolgoletni odbojka\u0161 Samo Nadi\u017ear &#8211; Semch, Alja\u0161 Ravnikar \u2013 \u0160o\u0161a, brata \u0160parovec iz Drulovke, \u010crnogorec na mivki, Tina in njena dru\u017eina, Ju\u0161 Veli\u010dkovi\u010d, Frke iz Drulovke, Si\u010d pa je poskrbel za moralno podporo. Balinarji in krajevna skupnost pa so skrbeli, da med delom nismo bili ne la\u010dni, ne \u017eejni in potrebni materiala.<\/em><\/p>\n<\/div>\n<div class=\"column\">\n<p><strong>Mladi ste se v tej akciji pokazali v popolnoma drugi lu\u010di, kot je mogo\u010de predstava o mladih danes v dru\u017ebi.<br \/>\n<\/strong><em>Res je, v o\u010deh starej\u0161ih, smo bili vedno problemati\u010dna mularija Planine. Ampak, \u010de je le volja, se da marsikaj narediti. Res je, imeli pa smo tako slabe kot tudi dobre trenutke.<\/em><\/p>\n<p><strong>Ali po tvojem mnenju mladi na Planini \u017eelijo biti aktiven del dru\u017ebe in sodelovati pri oblikovanju in spreminjanju svoje okolice?<\/strong><br \/>\n<em>Mogo\u010de si kdaj ne upajo pristopiti k stvari, saj ne vedo, \u010desa bi se sploh lotili. Imajo ideje, vendar za temi idejami mora\u0161 imeti nan\u010dno zaledje. Marsikdo ima dobro idejo, ki pa zaradi pomanjkanja nanc ostane neuresni\u010dena. Tudi David in Semch bi imela tako kak\u0161en koncert, sploh \u010de bi imeli na Planini kak\u0161en prostor za dru\u017eenje mladih.<\/em><\/p>\n<div class=\"page\" title=\"Page 7\">\n<div class=\"section\">\n<div class=\"layoutArea\">\n<div class=\"column\">\n<p><strong>Kaj po tvojem mnenju mladi v na\u0161i soseski potrebujejo?<br \/>\n<\/strong><em>Lahko bi imeli nek prostor za dru\u017eenje. V\u010dasih so bili zelo popularni skupni prostori v stopni\u0161\u010dih, sicer pa smo mi veliko \u010dasa pre\u017eiveli tudi na \u0161tadionu. Vsak blok je imel skupen prostor, kjer je bila kak\u0161na pink ponk miza, kjer so se dogajale tak\u0161ne in druga\u010dne stvari. Mogo\u010de bi bil smiseln mladinski center na Planini, tukaj blizu, ki bi bil odprt za vse.<\/em><br \/>\n<em> \u017de v center je v\u010dasih \u017ee te\u017eko oditi v knji\u017enico po kak\u0161no knjigo. Tu bi bil pa tak\u0161en prostor zelo dobrodo\u0161el, da bi pri\u0161li mladi za kak\u0161no uro ali dve. Lahko bi se odvijali kak\u0161ni turnirji taroka, pokra ali \u010desa drugega. Verjamem, da bi imeli mladi veliko idej, kaj bi se lahko izvajalo v tak\u0161nih prostorih.<\/em><\/p>\n<\/div>\n<div class=\"column\">\n<p><strong>Ima\u0161 za na\u0161e sokrajane kak\u0161no posebno sporo\u010dilo?<br \/>\n<\/strong><em>Naj se zavedajo, da je Planina nekaj posebnega. Imamo svoje mi\u0161ljenje, smo borci. Naj poskrbimo da Planina tak\u0161na tudi ostane. \u010ce se vsak le malo potrudi, lahko naredimo Planino \u0161e veliko bolj\u0161o.<\/em><\/p>\n<figure id=\"attachment_456\" aria-describedby=\"caption-attachment-456\" style=\"width: 300px\" class=\"wp-caption alignnone\"><a href=\"http:\/\/www.bratov-smuk.si\/wp-content\/uploads\/2017\/05\/Tim.jpg\"><img loading=\"lazy\" class=\"size-medium wp-image-456\" src=\"http:\/\/www.bratov-smuk.si\/wp-content\/uploads\/2017\/05\/Tim-300x252.jpg\" alt=\"\" width=\"300\" height=\"252\" srcset=\"https:\/\/www.bratov-smuk.si\/wp-content\/uploads\/2017\/05\/Tim-300x252.jpg 300w, https:\/\/www.bratov-smuk.si\/wp-content\/uploads\/2017\/05\/Tim-768x644.jpg 768w, https:\/\/www.bratov-smuk.si\/wp-content\/uploads\/2017\/05\/Tim-1024x859.jpg 1024w, https:\/\/www.bratov-smuk.si\/wp-content\/uploads\/2017\/05\/Tim-640x537.jpg 640w, https:\/\/www.bratov-smuk.si\/wp-content\/uploads\/2017\/05\/Tim-48x40.jpg 48w\" sizes=\"(max-width: 300px) 100vw, 300px\" \/><\/a><figcaption id=\"caption-attachment-456\" class=\"wp-caption-text\">Photo by Fotomorgana Andra\u017e Muljavec (www.fotomorgana.si)<\/figcaption><\/figure>\n<p>Prispevek pripravila in vodila intervju: Manja Zorko<br \/>\nFotografija: Andra\u017e Muljavec Fotomorgana<\/p>\n<\/div>\n<\/div>\n<\/div>\n<\/div>\n<\/div>\n<\/div>\n<\/div>\n<\/div>\n<\/div>\n<\/div>\n<\/div>\n<\/div>\n\n\n<\/div>\n","protected":false},"excerpt":{"rendered":"<div class=\"entry-summary\" itemprop=\"text\">\n<p>Tokrat vam predstavljamo Tima Pregrada iz ulice Lojzeta Hrovata. Mladega umetnika in borca, ki je ponosen, da je otrok Planine, vedno poln energi- je in z \u017eivo vizijo razvoja na\u0161e soseske, ki jo tudi dejavno soustvarja. Ali bi za sebe rekel, da si otrok Planine? Ja, definitivno, ker smo tu mogli gor odra\u0161\u010dat. V\u010dasih je &#8230;<\/p>\n\n<\/div>\n","protected":false},"author":1,"featured_media":455,"parent":416,"menu_order":0,"comment_status":"closed","ping_status":"closed","template":"","meta":[],"_links":{"self":[{"href":"https:\/\/www.bratov-smuk.si\/index.php?rest_route=\/wp\/v2\/pages\/447"}],"collection":[{"href":"https:\/\/www.bratov-smuk.si\/index.php?rest_route=\/wp\/v2\/pages"}],"about":[{"href":"https:\/\/www.bratov-smuk.si\/index.php?rest_route=\/wp\/v2\/types\/page"}],"author":[{"embeddable":true,"href":"https:\/\/www.bratov-smuk.si\/index.php?rest_route=\/wp\/v2\/users\/1"}],"replies":[{"embeddable":true,"href":"https:\/\/www.bratov-smuk.si\/index.php?rest_route=%2Fwp%2Fv2%2Fcomments&post=447"}],"version-history":[{"count":2,"href":"https:\/\/www.bratov-smuk.si\/index.php?rest_route=\/wp\/v2\/pages\/447\/revisions"}],"predecessor-version":[{"id":461,"href":"https:\/\/www.bratov-smuk.si\/index.php?rest_route=\/wp\/v2\/pages\/447\/revisions\/461"}],"up":[{"embeddable":true,"href":"https:\/\/www.bratov-smuk.si\/index.php?rest_route=\/wp\/v2\/pages\/416"}],"wp:featuredmedia":[{"embeddable":true,"href":"https:\/\/www.bratov-smuk.si\/index.php?rest_route=\/wp\/v2\/media\/455"}],"wp:attachment":[{"href":"https:\/\/www.bratov-smuk.si\/index.php?rest_route=%2Fwp%2Fv2%2Fmedia&parent=447"}],"curies":[{"name":"wp","href":"https:\/\/api.w.org\/{rel}","templated":true}]}}