{"id":35,"date":"2015-01-15T09:54:13","date_gmt":"2015-01-15T09:54:13","guid":{"rendered":"http:\/\/www.bratov-smuk.si\/?page_id=35"},"modified":"2023-09-05T16:00:10","modified_gmt":"2023-09-05T16:00:10","slug":"svet-ks","status":"publish","type":"page","link":"https:\/\/www.bratov-smuk.si\/?page_id=35","title":{"rendered":"Svet KS"},"content":{"rendered":"<div class=\"entry-content\" itemprop=\"text\">\n<p>Krajevno skupnost zastopa Svet KS. Je organ, ki ga izvolijo volilni upravi\u010denci s stalnim prebivali\u0161\u010dem obmo\u010dja krajevne skupnosti. Svet krajevne skupnosti \u0161teje \u0161est \u010dlanov in je mandat nastopil za obdobje \u0161tirih let (2022 &#8211; 2026).<\/p>\n<p>\u010clanice in \u010dlani sveta KS bratov Smuk:<\/p>\n<ul>\n<li><strong>Slavko Kancilija<\/strong> &#8211; predsednik<\/li>\n<li><strong>Roman \u0160alamon<\/strong> &#8211; podpredsednik<\/li>\n<li><strong>Irena Maselj<\/strong> &#8211; \u010dlanica<\/li>\n<li><strong>dr. Branislav Rauter<\/strong> &#8211; \u010dlan<\/li>\n<li><strong>Bojan Kadunc<\/strong> &#8211; \u010dlan<\/li>\n<li><strong>Ana Djori\u010d<\/strong> &#8211; \u010dlanica<\/li>\n<li><strong>Manja Zorko<\/strong> &#8211; \u010dlanica &#8211; odstopila 1. 3. 2023<\/li>\n<\/ul>\n<p>\u010clani in \u010dlanice sveta KS Bratov Smuk v mandatnem obdobju 2018 &#8211; 2022 so:<\/p>\n<ul>\n<li><b>Manja Zorko<\/b>\u00a0\u2013 predsednica<\/li>\n<li><strong>Bojan Kadunc<\/strong> \u2013 podpredsednik<\/li>\n<li><b>Stanislav Rupnik<\/b>&#8211; \u010dlan<\/li>\n<li><strong>Roman \u0160alamon<\/strong> \u2013 \u010dlan<\/li>\n<li><b>Milena Pavlin<\/b> \u2013 \u010dlanica<\/li>\n<li><strong>Branislav Rauter<\/strong> \u2013 \u010dlan<\/li>\n<li><b>Monika Kostadinova<\/b> \u2013 \u010dlanica<\/li>\n<\/ul>\n\n\n<\/div>\n","protected":false},"excerpt":{"rendered":"<div class=\"entry-summary\" itemprop=\"text\">\n<p>Krajevno skupnost zastopa Svet KS. Je organ, ki ga izvolijo volilni upravi\u010denci s stalnim prebivali\u0161\u010dem obmo\u010dja krajevne skupnosti. Svet krajevne skupnosti \u0161teje \u0161est \u010dlanov in je mandat nastopil za obdobje \u0161tirih let (2022 &#8211; 2026). \u010clanice in \u010dlani sveta KS bratov Smuk: Slavko Kancilija &#8211; predsednik Roman \u0160alamon &#8211; podpredsednik Irena Maselj &#8211; \u010dlanica dr. &#8230;<\/p>\n\n<\/div>\n","protected":false},"author":1,"featured_media":0,"parent":0,"menu_order":0,"comment_status":"closed","ping_status":"open","template":"","meta":[],"_links":{"self":[{"href":"https:\/\/www.bratov-smuk.si\/index.php?rest_route=\/wp\/v2\/pages\/35"}],"collection":[{"href":"https:\/\/www.bratov-smuk.si\/index.php?rest_route=\/wp\/v2\/pages"}],"about":[{"href":"https:\/\/www.bratov-smuk.si\/index.php?rest_route=\/wp\/v2\/types\/page"}],"author":[{"embeddable":true,"href":"https:\/\/www.bratov-smuk.si\/index.php?rest_route=\/wp\/v2\/users\/1"}],"replies":[{"embeddable":true,"href":"https:\/\/www.bratov-smuk.si\/index.php?rest_route=%2Fwp%2Fv2%2Fcomments&post=35"}],"version-history":[{"count":5,"href":"https:\/\/www.bratov-smuk.si\/index.php?rest_route=\/wp\/v2\/pages\/35\/revisions"}],"predecessor-version":[{"id":935,"href":"https:\/\/www.bratov-smuk.si\/index.php?rest_route=\/wp\/v2\/pages\/35\/revisions\/935"}],"wp:attachment":[{"href":"https:\/\/www.bratov-smuk.si\/index.php?rest_route=%2Fwp%2Fv2%2Fmedia&parent=35"}],"curies":[{"name":"wp","href":"https:\/\/api.w.org\/{rel}","templated":true}]}}